7, 263
What are the prime factors of 695643?
3, 13, 17837
List the prime factors of 3373432.
2, 409, 1031
What are the prime factors of 403162?
2, 201581
List the prime factors of 196212.
2, 3, 83, 197
List the prime factors of 1083097.
41, 26417
What are the prime factors of 31512943?
7, 11, 409259
List the prime factors of 514923.
3, 171641
What are the prime factors of 867643?
7, 17707
What are the prime factors of 170140?
2, 5, 47, 181
List the prime factors of 1585891.
89, 103, 173
What are the prime factors of 5489361?
3, 609929
List the prime factors of 9003636.
2, 3, 59, 157
What are the prime factors of 22204519?
22204519
What are the prime factors of 11574313?
23, 503231
List the prime factors of 12521.
19, 659
List the prime factors of 262688.
2, 8209
List the prime factors of 2153714.
2, 29, 71, 523
What are the prime factors of 13444204?
2, 31, 108421
List the prime factors of 2184241.
23, 4129
List the prime factors of 3312284.
2, 828071
What are the prime factors of 143126?
2, 71563
What are the prime factors of 7442941?
11, 151, 4481
List the prime factors of 589164.
2, 3, 29, 1693
List the prime factors of 164924.
2, 41231
List the prime factors of 694663.
41, 16943
List the prime factors of 1099237.
17, 64661
List the prime factors of 10787381.
11, 293, 3347
List the prime factors of 2023297.
2023297
What are the prime factors of 10004089?
19, 526531
List the prime factors of 4529973.
3, 7, 17, 12689
List the prime factors of 923004.
2, 3, 25639
What are the prime factors of 355234?
2, 11, 67, 241
List the prime factors of 1304614.
2, 17, 38371
What are the prime factors of 12589452?
2, 3, 17, 6857
What are the prime factors of 357903?
3, 7, 13, 19, 23
What are the prime factors of 1111034?
2, 43, 12919
List the prime factors of 4150939.
13, 269, 1187
What are the prime factors of 81324?
2, 3, 251
List the prime factors of 74954.
2, 11, 3407
List the prime factors of 6457256.
2, 13, 29, 2141
List the prime factors of 12043878.
2, 3, 7, 11, 131, 199
List the prime factors of 5263413.
3, 29, 101, 599
What are the prime factors of 243217?
13, 53, 353
What are the prime factors of 768112?
2, 61, 787
List the prime factors of 432291.
3, 103, 1399
What are the prime factors of 30208?
2, 59
What are the prime factors of 103899?
3, 59, 587
What are the prime factors of 31965?
3, 5, 2131
List the prime factors of 11023087.
11023087
What are the prime factors of 380946?
2, 3, 173, 367
What are the prime factors of 780183?
3, 23, 3769
List the prime factors of 6543513.
3, 59, 12323
List the prime factors of 1145202.
2, 3, 31, 47, 131
What are the prime factors of 9151625?
5, 7, 10459
What are the prime factors of 211672?
2, 26459
List the prime factors of 107989.
7, 15427
What are the prime factors of 333357?
3, 111119
List the prime factors of 589283.
23, 25621
List the prime factors of 2532932.
2, 17, 193
List the prime factors of 1961532.
2, 3, 23, 103
What are the prime factors of 381605?
5, 7, 10903
List the prime factors of 1978254.
2, 3, 109903
List the prime factors of 1968347.
113, 17419
List the prime factors of 362777.
199, 1823
List the prime factors of 3594496.
2, 19, 739
List the prime factors of 16594906.
2, 101, 82153
List the prime factors of 3257692.
2, 814423
List the prime factors of 283208.
2, 35401
List the prime factors of 134862.
2, 3, 7, 13, 19
What are the prime factors of 143245?
5, 28649
List the prime factors of 147363.
3, 49121
What are the prime factors of 6519867?
3, 29, 74941
List the prime factors of 113946.
2, 3, 7, 2713
What are the prime factors of 925915?
5, 185183
What are the prime factors of 4466289?
3, 1488763
What are the prime factors of 1804412?
2, 451103
What are the prime factors of 2147446?
2, 7, 157, 977
What are the prime factors of 541583?
7, 77369
What are the prime factors of 7732631?
7732631
List the prime factors of 851294.
2, 499, 853
What are the prime factors of 111971?
41, 2731
What are the prime factors of 1431025?
5, 57241
List the prime factors of 2968348.
2, 211, 3517
List the prime factors of 41431.
13, 3187
What are the prime factors of 342175?
5, 13687
List the prime factors of 50400.
2, 3, 5, 7
What are the prime factors of 9325658?
2, 59, 79031
List the prime factors of 284196.
2, 3, 11, 2153
What are the prime factors of 77276?
2, 19319
List the prime factors of 2508523.
479, 5237
What are the prime factors of 63579?
3, 21193
What are the prime factors of 289409?
23, 12583
What are the prime factors of 560617?
560617
List the prime factors of 243331.
11, 2011
What are the prime factors of 30836503?
37, 163, 5113
What are the prime factors of 29357998?
2, 1459, 10061
List the prime factors of 7522586.
2, 3761293
List the prime factors of 42596.
2, 23, 463
What are the prime factors of 277819?
367, 757
List the prime factors of 16674674.
2, 257, 32441
What are the prime factors of 13981568?
2, 19, 5749
List the prime factors of 817962.
2, 3, 136327
What are the prime factors of 21069836?
2, 5267459
What are the prime factors of 310811?
17, 47, 389
List the prime factors of 3253465.
5, 19, 23, 1489
List the prime factors of 252247.
31, 79, 103
List the prime factors of 1317068.
2, 329267
What are the prime factors of 15525543?
3, 11, 470471
What are the prime factors of 572691?
3, 7, 27271
What are the prime factors of 318149?
13, 24473
List the prime factors of 272811.
3, 7, 11, 1181
What are the prime factors of 577445?
5, 11, 10499
What are the prime factors of 13696103?
397, 34499
What are the prime factors of 1890495?
3, 5, 43, 977
List the prime factors of 39052.
2, 13, 751
What are the prime factors of 165368?
2, 7, 2953
List the prime factors of 7092791.
17, 29, 14387
What are the prime factors of 6438263?
13, 79, 6269
List the prime factors of 242398.
2, 13, 9323
What are the prime factors of 35950?
2, 5, 719
What are the prime factors of 691076?
2, 197, 877
List the prime factors of 288740.
2, 5, 14437
List the prime factors of 8133110.
2, 5, 813311
List the prime factors of 2643756.
2, 3, 29, 71, 107
What are the prime factors of 2378131?
7, 23, 14771
What are the prime factors of 617617?
7, 11, 13, 617
List the prime factors of 147108.
2, 3, 13, 23, 41
List the prime factors of 1210267.
59, 73, 281
List the prime factors of 3624737.
31, 116927
What are the prime factors of 3109651?
3109651
What are the prime factors of 297181?
47, 6323
What are the prime factors of 74271?
3, 19, 1303
What are the prime factors of 1182353?
1182353
List the prime factors of 250504.
2, 173, 181
List the prime factors of 483769.
11, 13, 17, 199
What are the prime factors of 107609?
107609
What are the prime factors of 13271824?
2, 167, 4967
List the prime factors of 7149263.
11, 19, 79, 433
What are the prime factors of 260172?
2, 3, 11, 73
What are the prime factors of 172046?
2, 7, 12289
What are the prime factors of 5584891?
13, 17, 37, 683
What are the prime factors of 112228?
2, 28057
List the prime factors of 1829687.
37, 49451
What are the prime factors of 7196442?
2, 3, 11, 109037
List the prime factors of 79597.
7, 83, 137
List the prime factors of 1523.
1523
List the prime factors of 1086198.
2, 3, 17, 23, 463
What are the prime factors of 3293646?
2, 3, 23, 29, 823
List the prime factors of 1994919.
3, 664973
List the prime factors of 228148.
2, 57037
What are the prime factors of 3748709?
3748709
What are the prime factors of 764119?
31, 157
List the prime factors of 10009534.
2, 5004767
What are the prime factors of 20168361?
3, 349, 6421
List the prime factors of 216175.
5, 8647
What are the prime factors of 2688830?
2, 5, 268883
What are the prime factors of 281021?
13, 21617
List the prime factors of 375973.
13, 28921
What are the prime factors of 136305?
3, 5, 13, 233
What are the prime factors of 336602?
2, 7, 24043
List the prime factors of 2891677.
29, 99713
What are the prime factors of 9344102?
2, 61, 191, 401
What are the prime factors of 904912?
2, 23, 2459
What are the prime factors of 22938585?
3, 5, 47, 32537
What are the prime factors of 494351?
11, 13, 3457
What are the prime factors of 164022?
2, 3, 27337
What are the prime factors of 64416?
2, 3, 11, 61
List the prime factors of 16611396.
2, 3, 19, 41, 1777
List the prime factors of 4629542.
2, 